{"id":80,"date":"2019-03-14T12:52:15","date_gmt":"2019-03-14T12:52:15","guid":{"rendered":"http:\/\/www.nemcinapreklady.cz\/?page_id=80"},"modified":"2019-09-04T16:02:47","modified_gmt":"2019-09-04T16:02:47","slug":"preklady-odborne-preklady","status":"publish","type":"page","link":"https:\/\/www.nemcinapreklady.cz\/index.php\/preklady-odborne-preklady\/","title":{"rendered":"P\u0159eklady, odborn\u00e9 p\u0159eklady"},"content":{"rendered":"<ul>\n<li>technick\u00e9, pr\u00e1vn\u00ed, ekonomick\u00e9 a dal\u0161\u00ed texty, nap\u0159.: p\u0159\u00edru\u010dky, n\u00e1vody, technick\u00e9 zpr\u00e1vy, statick\u00e9 v\u00fdpo\u010dty, bezpe\u010dnostn\u00ed listy, audity, z\u00e1pisy z jedn\u00e1n\u00ed, v\u00fdro\u010dn\u00ed zpr\u00e1vy, v\u00fdkazy, \u00fa\u010detn\u00ed z\u00e1v\u011brky, znaleck\u00e9 posudky<\/li>\n<\/ul>\n","protected":false},"excerpt":{"rendered":"<p>technick\u00e9, pr\u00e1vn\u00ed, ekonomick\u00e9 a dal\u0161\u00ed texty, nap\u0159.: p\u0159\u00edru\u010dky, n\u00e1vody, technick\u00e9 zpr\u00e1vy, statick\u00e9 v\u00fdpo\u010dty, bezpe\u010dnostn\u00ed listy, audity, z\u00e1pisy z jedn\u00e1n\u00ed, v\u00fdro\u010dn\u00ed zpr\u00e1vy, v\u00fdkazy, \u00fa\u010detn\u00ed z\u00e1v\u011brky, znaleck\u00e9 posudky<\/p>\n","protected":false},"author":1,"featured_media":0,"parent":0,"menu_order":0,"comment_status":"closed","ping_status":"closed","template":"","meta":[],"_links":{"self":[{"href":"https:\/\/www.nemcinapreklady.cz\/index.php\/wp-json\/wp\/v2\/pages\/80"}],"collection":[{"href":"https:\/\/www.nemcinapreklady.cz\/index.php\/wp-json\/wp\/v2\/pages"}],"about":[{"href":"https:\/\/www.nemcinapreklady.cz\/index.php\/wp-json\/wp\/v2\/types\/page"}],"author":[{"embeddable":true,"href":"https:\/\/www.nemcinapreklady.cz\/index.php\/wp-json\/wp\/v2\/users\/1"}],"replies":[{"embeddable":true,"href":"https:\/\/www.nemcinapreklady.cz\/index.php\/wp-json\/wp\/v2\/comments?post=80"}],"version-history":[{"count":3,"href":"https:\/\/www.nemcinapreklady.cz\/index.php\/wp-json\/wp\/v2\/pages\/80\/revisions"}],"predecessor-version":[{"id":160,"href":"https:\/\/www.nemcinapreklady.cz\/index.php\/wp-json\/wp\/v2\/pages\/80\/revisions\/160"}],"wp:attachment":[{"href":"https:\/\/www.nemcinapreklady.cz\/index.php\/wp-json\/wp\/v2\/media?parent=80"}],"curies":[{"name":"wp","href":"https:\/\/api.w.org\/{rel}","templated":true}]}}